(f)?
4
Suppose -2*x - 5*k = 0, 2*x + k = -0*x. Suppose 269*l - 270*l + 439 = x. What is the remainder when l is divided by 34?
31
Let a = -526 - -522. What is the remainder when ((-282)/(-18))/(a - 150/(-36)) is divided by 19?
18
Suppose -9 = 2*l - 5*m, -4*l + 18 = -3*l + 5*m. Suppose 39 = -0*s + l*s. Let k(y) = 16*y - 52. What is the remainder when k(8) is divided by s?
11
Suppose 2*h - 4*f = -8*f - 118, 3*h + f = -192. Suppose 2*v = -v - 240. Let s = h - v. Calculate the remainder when s is divided by 3.
0
Let p = -611 + 1068. Calculate the remainder when 1372 is divided by p.
1
Suppose -4*x - y - 3 = -10, 21 = 2*x - 3*y. Suppose 0 = -2*q + 2*k + 192, x*q + k = 89 + 195. What is the remainder when q is divided by 27?
14
Suppose 9*m + 5*m + 22*m = 5328. Calculate the remainder when 1644 is divided by m.
16
Let g(a) = a**2 - 2*a + 21. Let n be ((-2790)/(-75))/((-3)/(-20)*2). Let x = -113 + n. Calculate the remainder when g(0) is divided by x.
10
Let x = -4870 + 5499. Calculate the remainder when x is divided by 70.
69
Let x be 1/4 - 8238/24. Let y be 4/6 - (x/21 - 0). Suppose y = -4*a + 185. What is the remainder when a is divided by 9?
6
Let t(j) = j**3 - 5*j**2 - 7*j - 10. Suppose 3*p - 3 = x + 2*x, 0 = -p + 4*x - 2. What is the remainder when t(9) is divided by (1/(5/(-42)))/(p/(-10))?
41
Calculate the remainder when 12459/39 + (-6)/13 is divided by 207.
112
Let m(u) = 16*u - 249. Calculate the remainder when m(52) is divided by 150.
133
Suppose -331*v = -284*v - 3486225 + 989209. What is the remainder when v is divided by 253?
251
Let x = -1 - -5. Suppose 0 = -d - 2*p + 23, 36*p = -4*d + 37*p + 56. Let j(t) = 3*t - 30. Calculate the remainder when j(d) is divided by x.
3
Let q = -1222 - -1256. Let n(x) = x**2 - 2*x - 2. Calculate the remainder when q is divided by n(5).
8
Suppose 0 = 2*q - 5 + 3. What is the remainder when 24 is divided by ((-4)/12)/q - (-68)/6?
2
Suppose 5*x + 364 = 3*t, 0 = -t - 5*x + 76 + 32. What is the remainder when t is divided by (-792)/(-40) - 3/(-15)?
18
Let r(v) = 2*v**2 - 52*v + 199. What is the remainder when 64 is divided by r(22)?
18
Let y(h) = 3*h**3 - 9*h**2 + 5*h + 2. What is the remainder when y(8) is divided by 48?
42
Let t(r) = -7*r. Let p be t(4). Calculate the remainder when 30 is divided by (2 + 120/p)*-7.
14
Let z be 5611/(-124) + (1 - 7/4). Let k = -43 - z. Suppose 4*o - m - 71 = 0, -k*m = 11 - 2. What is the remainder when 83 is divided by o?
15
Let i be 246/21 + ((-200)/35 - -6). What is the remainder when 2106/i - (-1)/(-2) is divided by 11?
10
Suppose 0 = 25*a - 21*a + 2*i - 30976, -4*i = 5*a - 38720. Calculate the remainder when a is divided by 250.
244
Let s(t) = 2*t**2 + 17*t + 21. What is the remainder when 236 is divided by s(-9)?
26
Suppose 2*i - 143 - 95 = 0. Suppose -735 - 14541 = -57*x. Let r = -256 + x. Calculate the remainder when i is divided by r.
11
Let b = 1037 - 805. Suppose 30*g = -82 + b. Calculate the remainder when g is divided by 3.
2
Let k(n) = n**3 + 3*n**2 + 4*n + 2. Let y be k(-2). Let g(v) = -1 + 52*v**2 + 59*v**2 + 2*v - 99*v**2. What is the remainder when g(y) is divided by 16?
11
Let m(l) = 7*l**3 - 9*l**2 + 5*l + 63. What is the remainder when 278 is divided by m(3)?
92
Suppose -57*s + 162*s - 102900 = 0. Calculate the remainder when 2945 is divided by s.
5
Suppose -3*q - 12*x + 5488 = -8*x, 5*x = -10. What is the remainder when q is divided by 36?
32
Let k = -42 + 45. Suppose 3*m = 12, 0 = -2*j + 2*m - k*m + 160. Calculate the remainder when j is divided by 4 + (-6 + 5)*-37.
37
Let f(p) be the third derivative of 5*p**4/12 + 59*p**3/6 - 47*p**2 - 2*p. Calculate the remainder when f(0) is divided by 16.
11
Suppose 8*b - 435 = -3*a + 11*b, -725 = -5*a + 4*b. Suppose -150*v = -a*v - 175. What is the remainder when 44 is divided by v?
9
Suppose -2*y + 96 = -2*v, 0 = -4*v - 0*v + 2*y - 192. Let j = 88 + v. Calculate the remainder when 51 is divided by j.
11
Let n(y) = 3*y + 6. Let r be n(3). Calculate the remainder when (80/(-15))/8*-96 + -5 is divided by (5/r)/(2/36).
5
Let g(f) be the first derivative of f**4/2 + 6*f**3 - f**2/2 + 5*f - 3. Suppose -103 + 337 = -26*p. Calculate the remainder when 95 is divided by g(p).
11
Let g = 52 + -43. Let s(v) = 5*v - 4 + 1 + 7*v**2 - g*v. Calculate the remainder when 163 is divided by s(-2).
31
Suppose 0 = 2*l + 5*v + 100 - 89, 5*v + 25 = 0. What is the remainder when 3482 is divided by l?
3
Let g be 1 - (4*-2 + -1). Suppose 0 = -k - 6 + g. Suppose 135 = k*l - l. What is the remainder when 222 is divided by l?
42
Suppose -11*w + 6*w - 520 = -2*h, -1064 = -4*h + 4*w. Suppose -6*g + h = 4*g. Suppose 0 = 3*b - 2*b - 105. Calculate the remainder when b is divided by g.
24
Let l(p) = -2*p**2 + 3*p + 3. Let t be l(3). Let w be (-16310)/t + 3/(-9). Calculate the remainder when w/30 + 1 + (-9)/15 is divided by 25.
16
Let r = 3 - -1. Suppose 0 = -4*g + 16 - r. What is the remainder when 99 is divided by 0 + 0 + g/(9/75)?
24
Let b = 63 + -49. Let k(s) = s**2 - 2*s - 5. Let j be k(3). Calculate the remainder when b is divided by 7 - 6/9*(-9)/j.
2
Let b = -68 - -104. Let p be -4 - (3 + -151)/2. Suppose -67*l = -p*l + 207. What is the remainder when l is divided by b?
33
Suppose 3*j = 7*j - 1848. Let g(h) = h**3 - 94*h**2 - 603*h + 358. What is the remainder when j is divided by g(100)?
56
Let d(s) = 215*s**2 + 26*s - 53. Calculate the remainder when d(5) is divided by 51.
46
Let a = 12268 - 12111. Calculate the remainder when 3293 is divided by a.
153
Suppose -11 + 2 = 3*x. Let g(a) = 44*a + 53. Let w(n) = -21*n - 26. Let o(k) = x*g(k) - 7*w(k). Calculate the remainder when o(10) is divided by 8.
5
Suppose 14*t - 16*t - 2*c + 12 = 0, 2*t = 2*c. Suppose 2*d = -2*f + 110, 3*d - 6*d + t*f = -177. What is the remainder when d is divided by 22?
13
Let l(w) = w + 5. Let y be (-6)/4*(-24)/(-18). Let t(p) = p**3 - 29*p**2 - 63*p + 49. Calculate the remainder when t(31) is divided by l(y).
0
Let x(k) = 4*k**3 + 26 - 19*k - 37 + 7*k + 31*k**2. What is the remainder when x(-8) is divided by (-9)/(-6)*(-16)/(-3)?
5
Let w(i) = i + 8. Let o be w(-6). Suppose k = -4*q - 4*k + 18, q = -o*k + 3. Calculate the remainder when (10/(-12) - (-8)/48)/(13/(-741)) is divided by q.
3
Calculate the remainder when 929 is divided by ((36/1)/1)/((-594)/(-5049)).
11
Let f be (-4)/(6/3)*-1. Suppose -f*p - 313 + 1191 = 0. Suppose 205 = 4*s - p. Calculate the remainder when s is divided by 41.
38
Suppose 25 = 4*u - 2*q + 3, -4*u + 29 = 5*q. Suppose -3*l = -4*h - 88, 7*l + 3*h - 12 = u*l. Calculate the remainder when 68 is divided by l.
20
Let h = 979 - 869. What is the remainder when h is divided by 93?
17
Let c be (-89 - 113) + -6 + (0 - -1). Let f = c - -242. What is the remainder when f is divided by 20?
15
Suppose 125406 = 77*a + 33622. What is the remainder when a is divided by 109?
102
Suppose -m - q + 194 = 0, -2*q = -3*q + 5. Suppose 3*j = 2*r + m, j - r - 4*r - 50 = 0. What is the remainder when j is divided by 17?
14
Suppose l = -3*z + 22, 3*z - 26 = -2*l + 30. Let m(j) = j**2 + 8*j - 1. Let c be (-25)/10*(12/(-15))/1. What is the remainder when l is divided by m(c)?
15
Let v(w) = 14*w**2 + 1474*w + 4416. What is the remainder when 442 is divided by v(-3)?
82
Let f(d) = 2*d**2 - 12*d - 14. Let x(z) = 2*z**3 + 17*z**2 - 11*z - 4. Calculate the remainder when f(10) is divided by x(-9).
10
Let c be (-6)/((-1148)/189 - -6). Suppose 5*d = 89 + c. Calculate the remainder when d is divided by 5.
4
Let w be ((-1)/(-2))/(39/(-78))*-201. Suppose -74*f + 77*f - w = 0. Calculate the remainder when 870 is divided by f.
66
Let g(j) be the third derivative of j**5/60 - j**4/24 - 2*j**3/3 + 20*j**2. Let v = 32 - 3. Calculate the remainder when v is divided by g(4).
5
Suppose 3*i - 182 = -4*x, 8*x = 5*x - 14*i + 160. Calculate the remainder when 964 is divided by x.
40
Suppose x + 3 + 13 = 3*w, -20 = -3*w + 5*x. Suppose -w*v - i + 78 = 0, 3*v - 8*v - 2*i = -81. Calculate the remainder when 119 is divided by v.
14
What is the remainder when 631 is divided by (-30)/(-36) + (-6897)/(-342)?
1
Let r(k) be the first derivative of -k**4/4 - 5*k**3/3 - 6*k**2 - 9*k - 50. What is the remainder when 89 is divided by r(-4)?
20
Suppose 10213 - 68579 = -134*l + 60628 - 20370. What is the